{"id":551,"date":"2021-07-12T15:07:56","date_gmt":"2021-07-12T15:07:56","guid":{"rendered":"https:\/\/bridge460.qodeinteractive.com\/?page_id=551"},"modified":"2022-03-08T19:43:18","modified_gmt":"2022-03-08T18:43:18","slug":"contact-us","status":"publish","type":"page","link":"https:\/\/casadori.com\/?page_id=551","title":{"rendered":"Cont\u00e1ctanos"},"content":{"rendered":"\t\t<div data-elementor-type=\"wp-page\" data-elementor-id=\"551\" class=\"elementor elementor-551\">\n\t\t\t\t\t\t<section class=\"elementor-section elementor-top-section elementor-element elementor-element-e3025d8 elementor-section-full_width qode_elementor_container_inner elementor-section-height-default elementor-section-height-default parallax_section_no\" data-id=\"e3025d8\" data-element_type=\"section\" data-e-type=\"section\">\n\t\t\t\t\t\t<div class=\"elementor-container elementor-column-gap-default\">\n\t\t\t\t\t<div class=\"elementor-column elementor-col-50 elementor-top-column elementor-element elementor-element-bfc6393\" data-id=\"bfc6393\" data-element_type=\"column\" data-e-type=\"column\">\n\t\t\t<div class=\"elementor-widget-wrap elementor-element-populated\">\n\t\t\t\t\t\t<div class=\"elementor-element elementor-element-f67bbc1 elementor-widget elementor-widget-text-editor\" data-id=\"f67bbc1\" data-element_type=\"widget\" data-e-type=\"widget\" data-widget_type=\"text-editor.default\">\n\t\t\t\t<div class=\"elementor-widget-container\">\n\t\t\t\t\t\t\t\t\t<h4>Para cualquier duda o presupuesto<\/h4>\t\t\t\t\t\t\t\t<\/div>\n\t\t\t\t<\/div>\n\t\t\t\t<div class=\"elementor-element elementor-element-eeb864a elementor-widget elementor-widget-text-editor\" data-id=\"eeb864a\" data-element_type=\"widget\" data-e-type=\"widget\" data-widget_type=\"text-editor.default\">\n\t\t\t\t<div class=\"elementor-widget-container\">\n\t\t\t\t\t\t\t\t\t<h2>Puedes contactarnos por estos medios:<\/h2>\t\t\t\t\t\t\t\t<\/div>\n\t\t\t\t<\/div>\n\t\t\t\t<div class=\"elementor-element elementor-element-718a53f elementor-widget elementor-widget-text-editor\" data-id=\"718a53f\" data-element_type=\"widget\" data-e-type=\"widget\" data-widget_type=\"text-editor.default\">\n\t\t\t\t<div class=\"elementor-widget-container\">\n\t\t\t\t\t\t\t\t\t<p>Puedes enviarnos un mensaje directamente o rellenar nuestro formulario.<\/p><p><br><\/p>\t\t\t\t\t\t\t\t<\/div>\n\t\t\t\t<\/div>\n\t\t\t\t<div class=\"elementor-element elementor-element-7456680 elementor-widget elementor-widget-bridge_icon_list_item\" data-id=\"7456680\" data-element_type=\"widget\" data-e-type=\"widget\" data-widget_type=\"bridge_icon_list_item.default\">\n\t\t\t\t<div class=\"elementor-widget-container\">\n\t\t\t\t\t<div class=\"q_icon_list\"><i class=\"qode_icon_font_awesome fa fa-mobile qode-ili-icon-holder circle\" style=\"font-size: 34px;color: #C89454;background-color: #02010100;\" ><\/i><p style=\"color:#8A8184;font-size: 15px;font-weight: 300;margin-bottom: 5px;\">+34 620 96 98 06<\/p><\/div>\t\t\t\t<\/div>\n\t\t\t\t<\/div>\n\t\t\t\t<div class=\"elementor-element elementor-element-0753d3a elementor-widget elementor-widget-bridge_icon_list_item\" data-id=\"0753d3a\" data-element_type=\"widget\" data-e-type=\"widget\" data-widget_type=\"bridge_icon_list_item.default\">\n\t\t\t\t<div class=\"elementor-widget-container\">\n\t\t\t\t\t<div class=\"q_icon_list\"><i class=\"qode_icon_font_awesome fa fa-map-o qode-ili-icon-holder circle\" style=\"font-size: 24px;color: #C89454;background-color: #02010100;\" ><\/i><p style=\"color:#8A8184;font-size: 15px;font-weight: 300;margin-bottom: 5px;\"> Plaza Calvo Sotelo, Plaza de la B\u00e1scula, 6, 45591 Yunclillos, Toledo<\/p><\/div>\t\t\t\t<\/div>\n\t\t\t\t<\/div>\n\t\t\t\t<div class=\"elementor-element elementor-element-bd9bff6 elementor-widget elementor-widget-bridge_icon_list_item\" data-id=\"bd9bff6\" data-element_type=\"widget\" data-e-type=\"widget\" data-widget_type=\"bridge_icon_list_item.default\">\n\t\t\t\t<div class=\"elementor-widget-container\">\n\t\t\t\t\t<div class=\"q_icon_list\"><i class=\"qode_icon_font_awesome fa fa-envelope-o qode-ili-icon-holder circle\" style=\"font-size: 24px;color: #C89454;background-color: #02010100;\" ><\/i><p style=\"color:#8A8184;font-size: 15px;font-weight: 300;margin-bottom: 5px;\">casa.rural.yunclillos@gmail.com \/ info@casadori.com<\/p><\/div>\t\t\t\t<\/div>\n\t\t\t\t<\/div>\n\t\t\t\t\t<\/div>\n\t\t<\/div>\n\t\t\t\t<div class=\"elementor-column elementor-col-50 elementor-top-column elementor-element elementor-element-95bdf19\" data-id=\"95bdf19\" data-element_type=\"column\" data-e-type=\"column\">\n\t\t\t<div class=\"elementor-widget-wrap elementor-element-populated\">\n\t\t\t\t\t\t<div class=\"elementor-element elementor-element-dc5f9be elementor-widget elementor-widget-google_maps\" data-id=\"dc5f9be\" data-element_type=\"widget\" data-e-type=\"widget\" data-widget_type=\"google_maps.default\">\n\t\t\t\t<div class=\"elementor-widget-container\">\n\t\t\t\t\t\t\t<div class=\"elementor-custom-embed\">\n\t\t\t<iframe loading=\"lazy\"\n\t\t\t\t\tsrc=\"https:\/\/maps.google.com\/maps?q=%20Plaza%20Calvo%20Sotelo%2C%20Plaza%20de%20la%20B%C3%A1scula%2C%206%2C%2045591%20Yunclillos%2C%20Toledo&#038;t=m&#038;z=10&#038;output=embed&#038;iwloc=near\"\n\t\t\t\t\ttitle=\" Plaza Calvo Sotelo, Plaza de la B\u00e1scula, 6, 45591 Yunclillos, Toledo\"\n\t\t\t\t\taria-label=\" Plaza Calvo Sotelo, Plaza de la B\u00e1scula, 6, 45591 Yunclillos, Toledo\"\n\t\t\t><\/iframe>\n\t\t<\/div>\n\t\t\t\t\t\t<\/div>\n\t\t\t\t<\/div>\n\t\t\t\t\t<\/div>\n\t\t<\/div>\n\t\t\t\t\t<\/div>\n\t\t<\/section>\n\t\t\t\t<section class=\"elementor-section elementor-top-section elementor-element elementor-element-6c5fb50 elementor-section-boxed elementor-section-height-default elementor-section-height-default parallax_section_no qode_elementor_container_no\" data-id=\"6c5fb50\" data-element_type=\"section\" data-e-type=\"section\">\n\t\t\t\t\t\t<div class=\"elementor-container elementor-column-gap-default\">\n\t\t\t\t\t<div class=\"elementor-column elementor-col-100 elementor-top-column elementor-element elementor-element-03ac0a3\" data-id=\"03ac0a3\" data-element_type=\"column\" data-e-type=\"column\">\n\t\t\t<div class=\"elementor-widget-wrap\">\n\t\t\t\t\t\t\t<\/div>\n\t\t<\/div>\n\t\t\t\t\t<\/div>\n\t\t<\/section>\n\t\t\t\t<section class=\"elementor-section elementor-top-section elementor-element elementor-element-d30c890 elementor-section-boxed elementor-section-height-default elementor-section-height-default parallax_section_no qode_elementor_container_no\" data-id=\"d30c890\" data-element_type=\"section\" data-e-type=\"section\">\n\t\t\t\t\t\t<div class=\"elementor-container elementor-column-gap-default\">\n\t\t\t\t\t<div class=\"elementor-column elementor-col-100 elementor-top-column elementor-element elementor-element-7c6360f\" data-id=\"7c6360f\" data-element_type=\"column\" data-e-type=\"column\">\n\t\t\t<div class=\"elementor-widget-wrap elementor-element-populated\">\n\t\t\t\t\t\t<div class=\"elementor-element elementor-element-ef04a08 elementor-widget elementor-widget-shortcode\" data-id=\"ef04a08\" data-element_type=\"widget\" data-e-type=\"widget\" data-widget_type=\"shortcode.default\">\n\t\t\t\t<div class=\"elementor-widget-container\">\n\t\t\t\t\t\t\t<div class=\"elementor-shortcode\">\n<div class=\"wpcf7 no-js\" id=\"wpcf7-f11-o1\" lang=\"en-US\" dir=\"ltr\" data-wpcf7-id=\"11\">\n<div class=\"screen-reader-response\"><p role=\"status\" aria-live=\"polite\" aria-atomic=\"true\"><\/p> <ul><\/ul><\/div>\n<form action=\"\/index.php?rest_route=%2Fwp%2Fv2%2Fpages%2F551#wpcf7-f11-o1\" method=\"post\" class=\"wpcf7-form init\" aria-label=\"Contact form\" novalidate=\"novalidate\" data-status=\"init\">\n<fieldset class=\"hidden-fields-container\"><input type=\"hidden\" name=\"_wpcf7\" value=\"11\" \/><input type=\"hidden\" name=\"_wpcf7_version\" value=\"6.1.5\" \/><input type=\"hidden\" name=\"_wpcf7_locale\" value=\"en_US\" \/><input type=\"hidden\" name=\"_wpcf7_unit_tag\" value=\"wpcf7-f11-o1\" \/><input type=\"hidden\" name=\"_wpcf7_container_post\" value=\"0\" \/><input type=\"hidden\" name=\"_wpcf7_posted_data_hash\" value=\"\" \/>\n<\/fieldset>\n<p><label> Tu nombre completo por favor<br \/>\n<span class=\"wpcf7-form-control-wrap\" data-name=\"tu-nombre\"><input size=\"40\" maxlength=\"400\" class=\"wpcf7-form-control wpcf7-text wpcf7-validates-as-required\" aria-required=\"true\" aria-invalid=\"false\" value=\"\" type=\"text\" name=\"tu-nombre\" \/><\/span> <\/label>\n<\/p>\n<p><label> Email<br \/>\n<span class=\"wpcf7-form-control-wrap\" data-name=\"your-email\"><input size=\"40\" maxlength=\"400\" class=\"wpcf7-form-control wpcf7-email wpcf7-validates-as-required wpcf7-text wpcf7-validates-as-email\" aria-required=\"true\" aria-invalid=\"false\" value=\"\" type=\"email\" name=\"your-email\" \/><\/span> <\/label>\n<\/p>\n<p><label>\u00bfC\u00f3mo nos has conocido? <\/label><br \/>\n<span class=\"wpcf7-form-control-wrap\" data-name=\"Como-nos-has-encontrado\"><span class=\"wpcf7-form-control wpcf7-radio\"><span class=\"wpcf7-list-item first\"><label><input type=\"radio\" name=\"Como-nos-has-encontrado\" value=\"Airbnb\" checked=\"checked\" \/><span class=\"wpcf7-list-item-label\">Airbnb<\/span><\/label><\/span><span class=\"wpcf7-list-item\"><label><input type=\"radio\" name=\"Como-nos-has-encontrado\" value=\"Escapada Rural\" \/><span class=\"wpcf7-list-item-label\">Escapada Rural<\/span><\/label><\/span><span class=\"wpcf7-list-item last\"><label><input type=\"radio\" name=\"Como-nos-has-encontrado\" value=\"Un amigo\" \/><span class=\"wpcf7-list-item-label\">Un amigo<\/span><\/label><\/span><\/span><\/span>\n<\/p>\n<p><label>\u00bfQue fechas le gustar\u00eda hospedarse en Casa Dori? <\/label>\n<\/p>\n<p><span class=\"wpcf7-form-control-wrap\" data-name=\"fechas\"><input class=\"wpcf7-form-control wpcf7-date wpcf7-validates-as-required wpcf7-validates-as-date\" aria-required=\"true\" aria-invalid=\"false\" placeholder=\"Que fechas le gustar\u00eda hospedarse en Casa Dori?\" value=\"\" type=\"date\" name=\"fechas\" \/><\/span>\n<\/p>\n<p><label>\u00bfC\u00faal es el motivo de su estancia? <\/label>\n<\/p>\n<p><span class=\"wpcf7-form-control-wrap\" data-name=\"motivo\"><input size=\"40\" maxlength=\"400\" class=\"wpcf7-form-control wpcf7-text wpcf7-validates-as-required\" aria-required=\"true\" aria-invalid=\"false\" placeholder=\"\u00bfVacaciones familiares, con amigos, etc?\" value=\"\" type=\"text\" name=\"motivo\" \/><\/span>\n<\/p>\n<p><label>\u00bfEs la primera vez que viene a hospedarse? <\/label>\n<\/p>\n<p><span class=\"wpcf7-form-control-wrap\" data-name=\"primeraVez\"><span class=\"wpcf7-form-control wpcf7-radio\"><span class=\"wpcf7-list-item first\"><label><input type=\"radio\" name=\"primeraVez\" value=\"Si\" checked=\"checked\" \/><span class=\"wpcf7-list-item-label\">Si<\/span><\/label><\/span><span class=\"wpcf7-list-item last\"><label><input type=\"radio\" name=\"primeraVez\" value=\"No\" \/><span class=\"wpcf7-list-item-label\">No<\/span><\/label><\/span><\/span><\/span>\n<\/p>\n<p><label>Si ya se ha hospedado antes, por favor especifique la fecha de la visita anterior <\/label>\n<\/p>\n<p><span class=\"wpcf7-form-control-wrap\" data-name=\"fecha-visita\"><input class=\"wpcf7-form-control wpcf7-date wpcf7-validates-as-date\" aria-invalid=\"false\" value=\"\" type=\"date\" name=\"fecha-visita\" \/><\/span>\n<\/p>\n<p><label>\u00bfC\u00faantas personas en total vendr\u00edan a hospedarse? Max: 21<\/label>\n<\/p>\n<p><span class=\"wpcf7-form-control-wrap\" data-name=\"numero-de-personas\"><input class=\"wpcf7-form-control wpcf7-number wpcf7-validates-as-required wpcf7-validates-as-number\" min=\"1\" max=\"21\" aria-required=\"true\" aria-invalid=\"false\" value=\"\u00bfC\u00faantas personas en total vendr\u00edan a hospedarse?\" type=\"number\" name=\"numero-de-personas\" \/><\/span>\n<\/p>\n<p><label>\u00bfIndique el rango de edades de las personas que vendr\u00e1n a hospedarse?<\/label>\n<\/p>\n<p><span class=\"wpcf7-form-control-wrap\" data-name=\"grupo-de-edades\"><span class=\"wpcf7-form-control wpcf7-checkbox wpcf7-validates-as-required\"><span class=\"wpcf7-list-item first\"><label><input type=\"checkbox\" name=\"grupo-de-edades[]\" value=\"0-10\" \/><span class=\"wpcf7-list-item-label\">0-10<\/span><\/label><\/span><span class=\"wpcf7-list-item\"><label><input type=\"checkbox\" name=\"grupo-de-edades[]\" value=\"11-20\" \/><span class=\"wpcf7-list-item-label\">11-20<\/span><\/label><\/span><span class=\"wpcf7-list-item\"><label><input type=\"checkbox\" name=\"grupo-de-edades[]\" value=\"21-30\" \/><span class=\"wpcf7-list-item-label\">21-30<\/span><\/label><\/span><span class=\"wpcf7-list-item\"><label><input type=\"checkbox\" name=\"grupo-de-edades[]\" value=\"31-40\" \/><span class=\"wpcf7-list-item-label\">31-40<\/span><\/label><\/span><span class=\"wpcf7-list-item last\"><label><input type=\"checkbox\" name=\"grupo-de-edades[]\" value=\"50 o m\u00e1s\" \/><span class=\"wpcf7-list-item-label\">50 o m\u00e1s<\/span><\/label><\/span><\/span><\/span>\n<\/p>\n<p><label>\u00bfC\u00faantos ni\u00f1os menores de 4 a\u00f1os se van hospedar?<\/label>\n<\/p>\n<p><span class=\"wpcf7-form-control-wrap\" data-name=\"nios-menores\"><input class=\"wpcf7-form-control wpcf7-number wpcf7-validates-as-number\" min=\"0\" max=\"21\" aria-invalid=\"false\" value=\"\" type=\"number\" name=\"nios-menores\" \/><\/span>\n<\/p>\n<p><label>\u00bfC\u00faantos ni\u00f1os mayores de 4 a\u00f1os se van hospedar?<\/label>\n<\/p>\n<p><span class=\"wpcf7-form-control-wrap\" data-name=\"nios-mayores\"><input class=\"wpcf7-form-control wpcf7-number wpcf7-validates-as-number\" min=\"0\" max=\"21\" aria-invalid=\"false\" value=\"\" type=\"number\" name=\"nios-mayores\" \/><\/span>\n<\/p>\n<p><label>\u00bfC\u00faantas camas supletorias necesitar\u00e1n? Max 3<\/label>\n<\/p>\n<p><span class=\"wpcf7-form-control-wrap\" data-name=\"camas-supletorias\"><input class=\"wpcf7-form-control wpcf7-number wpcf7-validates-as-number\" min=\"0\" max=\"3\" aria-invalid=\"false\" value=\"\" type=\"number\" name=\"camas-supletorias\" \/><\/span>\n<\/p>\n<p><label>\u00bfC\u00faantas cunas supletorias necesitar\u00e1n? Max 2<\/label>\n<\/p>\n<p><span class=\"wpcf7-form-control-wrap\" data-name=\"numero-de-cunas\"><input class=\"wpcf7-form-control wpcf7-number wpcf7-validates-as-required wpcf7-validates-as-number\" min=\"0\" max=\"2\" aria-required=\"true\" aria-invalid=\"false\" value=\"\u00bfC\u00faantas cunas supletorias necesitar\u00e1n?\" type=\"number\" name=\"numero-de-cunas\" \/><\/span>\n<\/p>\n<p>Mascotas:\n<\/p>\n<p><span class=\"wpcf7-form-control-wrap\" data-name=\"Traernmascotas\"><span class=\"wpcf7-form-control wpcf7-radio\"><span class=\"wpcf7-list-item first\"><label><input type=\"radio\" name=\"Traernmascotas\" value=\"Si\" checked=\"checked\" \/><span class=\"wpcf7-list-item-label\">Si<\/span><\/label><\/span><span class=\"wpcf7-list-item last\"><label><input type=\"radio\" name=\"Traernmascotas\" value=\"No\" \/><span class=\"wpcf7-list-item-label\">No<\/span><\/label><\/span><\/span><\/span>\n<\/p>\n<p><label>\u00bfC\u00faantas mascotas van a traer?<\/label>\n<\/p>\n<p><span class=\"wpcf7-form-control-wrap\" data-name=\"numero-de-mascotas\"><input class=\"wpcf7-form-control wpcf7-number wpcf7-validates-as-required wpcf7-validates-as-number\" min=\"0\" aria-required=\"true\" aria-invalid=\"false\" value=\"\u00bfC\u00faantas mascotas van a traer?\" type=\"number\" name=\"numero-de-mascotas\" \/><\/span>\n<\/p>\n<p><label>Por favor indique la raza de sus mascotas y la edad<\/label>\n<\/p>\n<p><span class=\"wpcf7-form-control-wrap\" data-name=\"raza\"><input size=\"40\" maxlength=\"400\" class=\"wpcf7-form-control wpcf7-text\" aria-invalid=\"false\" value=\"\" type=\"text\" name=\"raza\" \/><\/span>\n<\/p>\n<p><label>En el caso de que camas sillones queden llenos de pelos u otros objetos de la vivienda queden da\u00f1ados \u00bfest\u00e1 conforme en sufragar los gastos de mantenimiento y limpieza que puedan conllevar?<\/label>\n<\/p>\n<p><span class=\"wpcf7-form-control-wrap\" data-name=\"Gastos\"><span class=\"wpcf7-form-control wpcf7-radio\"><span class=\"wpcf7-list-item first\"><label><input type=\"radio\" name=\"Gastos\" value=\"Si\" checked=\"checked\" \/><span class=\"wpcf7-list-item-label\">Si<\/span><\/label><\/span><span class=\"wpcf7-list-item last\"><label><input type=\"radio\" name=\"Gastos\" value=\"No\" \/><span class=\"wpcf7-list-item-label\">No<\/span><\/label><\/span><\/span><\/span>\n<\/p>\n<p><label>Por la situaci\u00f3n de la casa en el centro del pueblo, est\u00e1n prohibidas las fiestas\/eventos con presencia de terceras personas no contempladas previamente por la propiedad y la colocaci\u00f3n de m\u00fasica que pueda ser molesta para los vecinos \u00bfest\u00e1 conforme con ello?<\/label>\n<\/p>\n<p><span class=\"wpcf7-form-control-wrap\" data-name=\"fiestas\"><span class=\"wpcf7-form-control wpcf7-radio\"><span class=\"wpcf7-list-item first\"><label><input type=\"radio\" name=\"fiestas\" value=\"Si\" checked=\"checked\" \/><span class=\"wpcf7-list-item-label\">Si<\/span><\/label><\/span><span class=\"wpcf7-list-item last\"><label><input type=\"radio\" name=\"fiestas\" value=\"No\" \/><span class=\"wpcf7-list-item-label\">No<\/span><\/label><\/span><\/span><\/span>\n<\/p>\n<p><label>Si quiere dejarnos alg\u00fan comentario (optional)<br \/>\n<span class=\"wpcf7-form-control-wrap\" data-name=\"your-message\"><textarea cols=\"40\" rows=\"10\" maxlength=\"2000\" class=\"wpcf7-form-control wpcf7-textarea\" aria-invalid=\"false\" name=\"your-message\"><\/textarea><\/span> <\/label>\n<\/p>\n<p><span class=\"wpcf7-form-control-wrap\" data-name=\"acceptance-87\"><span class=\"wpcf7-form-control wpcf7-acceptance\"><span class=\"wpcf7-list-item\"><label><input type=\"checkbox\" name=\"acceptance-87\" value=\"1\" aria-invalid=\"false\" \/><span class=\"wpcf7-list-item-label\"><a href=\"enlace aqui\" rel=\"nofollow\" target=\"_blank\"> Acepto la pol\u00edtica de privacidad<\/a><\/span><\/label><\/span><\/span><\/span>\n<\/p>\n<p><input class=\"wpcf7-form-control wpcf7-submit has-spinner\" type=\"submit\" value=\"Enviar\" \/>\n<\/p><div class=\"wpcf7-response-output\" aria-hidden=\"true\"><\/div>\n<\/form>\n<\/div>\n<\/div>\n\t\t\t\t\t\t<\/div>\n\t\t\t\t<\/div>\n\t\t\t\t\t<\/div>\n\t\t<\/div>\n\t\t\t\t\t<\/div>\n\t\t<\/section>\n\t\t\t\t<\/div>\n\t\t","protected":false},"excerpt":{"rendered":"<p>Para cualquier duda o presupuesto Puedes contactarnos por estos medios: Puedes enviarnos un mensaje directamente o rellenar nuestro formulario. +34 620 96 98 06 Plaza Calvo Sotelo, Plaza de la B\u00e1scula, 6, 45591 Yunclillos, Toledo casa.rural.yunclillos@gmail.com \/ info@casadori.com Formulario de contacto: Si deseas que nos&#8230;<\/p>\n","protected":false},"author":1,"featured_media":0,"parent":0,"menu_order":0,"comment_status":"closed","ping_status":"closed","template":"","meta":{"om_disable_all_campaigns":false,"_monsterinsights_skip_tracking":false,"_monsterinsights_sitenote_active":false,"_monsterinsights_sitenote_note":"","_monsterinsights_sitenote_category":0,"_joinchat":[],"footnotes":""},"class_list":["post-551","page","type-page","status-publish","hentry"],"aioseo_notices":[],"_links":{"self":[{"href":"https:\/\/casadori.com\/index.php?rest_route=\/wp\/v2\/pages\/551","targetHints":{"allow":["GET"]}}],"collection":[{"href":"https:\/\/casadori.com\/index.php?rest_route=\/wp\/v2\/pages"}],"about":[{"href":"https:\/\/casadori.com\/index.php?rest_route=\/wp\/v2\/types\/page"}],"author":[{"embeddable":true,"href":"https:\/\/casadori.com\/index.php?rest_route=\/wp\/v2\/users\/1"}],"replies":[{"embeddable":true,"href":"https:\/\/casadori.com\/index.php?rest_route=%2Fwp%2Fv2%2Fcomments&post=551"}],"version-history":[{"count":33,"href":"https:\/\/casadori.com\/index.php?rest_route=\/wp\/v2\/pages\/551\/revisions"}],"predecessor-version":[{"id":1191,"href":"https:\/\/casadori.com\/index.php?rest_route=\/wp\/v2\/pages\/551\/revisions\/1191"}],"wp:attachment":[{"href":"https:\/\/casadori.com\/index.php?rest_route=%2Fwp%2Fv2%2Fmedia&parent=551"}],"curies":[{"name":"wp","href":"https:\/\/api.w.org\/{rel}","templated":true}]}}